 m and 13?
13
Let u(d) = d. Let k(v) = -7*v + 28. Let g(y) = -k(y) - 4*u(y). Let c be g(17). What is the highest common divisor of c and 23?
23
Let b(g) = -29*g - 54. Let a be b(-2). What is the highest common factor of 4 and a?
4
Let h(i) = i**2 - 22*i + 87. Let k be h(5). Calculate the greatest common divisor of 25 and k.
1
Let g be ((-6)/(-1))/(3 - (-10)/(-2)). Let w = 20 + g. What is the highest common factor of 85 and w?
17
Let w(k) = k**3 - 8*k**2 + 27*k + 10. Let q be w(6). What is the highest common factor of q and 50?
50
Suppose -4 = -4*p + 16. Let s(h) = 4*h**2 - 20*h - 1. Let i be s(-2). Calculate the highest common factor of i and p.
5
Let n = 1057 + -1050. What is the greatest common factor of 721 and n?
7
Let u(t) = -t**2 + 116*t - 937. Let a be u(9). What is the greatest common factor of 1365 and a?
13
Suppose 16*c - 93 = 131. Calculate the greatest common divisor of 1106 and c.
14
Let v be 10/(-6) + 2/(-6). Let t(n) = -15*n + 7. Let u be t(v). What is the highest common divisor of 259 and u?
37
Suppose -2*s = 2, -3*u + 983 = -2*s + 267. Calculate the greatest common divisor of 102 and u.
34
Suppose -6*m + 287 = 275. Let x = -1 - -19. What is the highest common divisor of m and x?
2
Let a(i) = i**3 + 5*i**2 + 11. Let y be a(-5). Suppose 9*f = y*f - 12. What is the greatest common factor of 9 and f?
3
Let q be ((-1666)/35 + -4)*(-80)/24. Calculate the greatest common factor of q and 43.
43
Let i(t) = -3*t**2 + 3*t + 3. Let j be i(4). Let g be 24/60 - j/5. Let l be -1 - (0 + (0 - 2)). What is the greatest common factor of l and g?
1
Let x be (-15*1)/5*(-46)/6. Let h be 119 + (1 + -1 - (-4)/(-1)). What is the highest common divisor of x and h?
23
Let d be 178/5 - (-12)/30. Let q be d*10*2/5. Calculate the highest common divisor of q and 16.
16
Let k(c) = c**3 - 38*c**2 + 193*c + 67. Let p be k(32). What is the greatest common divisor of p and 253?
11
Suppose -83*l - 70*l + 2142 = 0. Let w be ((-9)/6)/((-3)/8). Calculate the highest common divisor of w and l.
2
Let g(j) = -3*j**3 + 12*j**2 - 8*j + 7. Let l be g(9). Let a be (6/(-5))/(-4*(-12)/l). Calculate the greatest common factor of a and 80.
16
Let j(x) = 2*x - 9. Let l be j(15). Suppose -614 = -3*s + 196. Suppose 0 = 2*u + 102 - s. Calculate the highest common factor of l and u.
21
Let q(v) = -v**3 + v**2 + v - 6. Let t be q(0). Let g = t - -26. What is the highest common divisor of 5 and g?
5
Suppose b - 4*c - 21 = 0, 3*b - 6 = b - c. Let a be (2 + -1 + 14)*20/12. What is the greatest common divisor of a and b?
5
Suppose 124 = 101*f - 98 + 20. Suppose 0*k = -4*k + 16. Calculate the greatest common divisor of f and k.
2
Let j = -275 + 395. Suppose -165 = 50*u - 61*u. What is the greatest common factor of j and u?
15
Suppose 209 + 239 = 2*b. Suppose 8*m = -0*m + b. Suppose -4*k + 70 = -3*k. Calculate the highest common factor of k and m.
14
Suppose 5*w + 5*y = 325, -w = -3*w + 4*y + 136. Calculate the greatest common divisor of w and 22.
22
Let a(j) = j**2 - 9*j + 12. Let l be a(9). Suppose 3*r + r = l. Suppose -n = -2*u + 2*n + 11, r*u = 3*n + 21. Calculate the highest common factor of 50 and u.
10
Suppose 4*w - 101 = 107. What is the highest common factor of w and 208?
52
Let g(v) = -2*v + 82. Let j be g(-13). What is the highest common divisor of 27 and j?
27
Suppose -30*f = 7*f - 1480. What is the highest common factor of 56 and f?
8
Let t = 731 - 724. Calculate the highest common factor of 49 and t.
7
Let s = -1336 + 1372. What is the highest common factor of 564 and s?
12
Let z(d) = d**3 - 27*d**2 + 3*d. Let p be z(27). Calculate the greatest common divisor of 6 and p.
3
Suppose -57*f = -65*f + 840. What is the greatest common divisor of f and 42?
21
Let r(w) = -54*w**3 + 2*w**2 - w - 5. Let l be r(-2). Calculate the highest common divisor of l and 76.
19
Suppose -12*u = 64 - 40. Let l be 14 - 10 - -11*(6 + u). What is the greatest common factor of l and 80?
16
Let a(q) = 63*q. Let c be a(4). Suppose 0 = -5*k + 2*k + 24. Let s be (-1 + k - 3)*7. What is the highest common divisor of c and s?
28
Suppose -314*p = -320*p + 72. What is the greatest common divisor of p and 36?
12
Let q = 6 - -159. Let s = q - 114. What is the greatest common factor of s and 68?
17
Let l(g) = -7*g - 7. Let a be l(-6). Let z = 583 + -565. Let b = a - z. Calculate the greatest common factor of b and 187.
17
Let s(x) = x**3 - 10*x**2 + 22*x - 112. Let i be s(14). Calculate the greatest common factor of i and 40.
20
Let c = 581 - 485. What is the highest common divisor of 40 and c?
8
Let p(w) = w**2 - 6*w - 8. Let r be p(10). Suppose 0*g - 4*g + r = 0. What is the highest common factor of g and 8?
8
Let f(u) = -u**2 - 8*u - 6. Let i be ((-2)/4)/((-3)/(-30)). Let z be f(i). Calculate the highest common divisor of 72 and z.
9
Let h(m) = -26*m + 22. Let k be h(-7). Suppose -2*q + 4*x = -k, -7 = 4*x - 3. Calculate the greatest common divisor of 40 and q.
20
Let v(x) = -x**2 - 8*x - 7. Let c be v(-6). Let o(n) = n**2 - 6*n + 6. Let p be o(c). Suppose 2*s = 3*s - p. What is the greatest common divisor of s and 8?
1
Let z be (-29 - -23)/(-4 + 1) - -13. Calculate the highest common divisor of z and 39.
3
Let j = -189 + 218. Calculate the greatest common divisor of j and 58.
29
Suppose -4*k - 2*g + 6*g = 33356, g = 1. Let i be k/(-110) - 4/5. What is the greatest common factor of i and 15?
15
Let s(x) = -5*x + 31. Let m be s(-5). Calculate the greatest common factor of m and 14.
14
Let h(q) = -q**2 + 12*q + 31. Let n be h(13). Let z(j) = j**3 + 10*j**2 + 3. Let g be z(-10). Calculate the greatest common factor of g and n.
3
Let j be 38310/(-135) - (-2)/(-9). Let v be (j - -9)*(-1)/1. What is the highest common divisor of 25 and v?
25
Let x be (1 - 30)*(-15 - -14). Let o(z) = -z**3 + 8*z**2 + 2*z + 3. Let p be o(6). Calculate the greatest common factor of x and p.
29
Let a(z) = z + 12. Let q be a(-6). Suppose -q*h + 0*h = -168. Suppose -2*c + 5*d + 53 + h = 0, -3*c + 3*d = -99. What is the highest common factor of 252 and c?
28
Suppose -2*v = v - 264. Suppose 5*m = 17 + v. Let w(t) = 15*t**2 - 1. Let s be w(-1). What is the greatest common divisor of m and s?
7
Let y(a) = 2*a - 4. Let t be y(7). Suppose -122*c = -118*c - 380. Let n = 100 - c. Calculate the greatest common divisor of n and t.
5
Suppose -5*i + 285 + 35 = 0. What is the highest common factor of i and 40?
8
Let l be ((-9)/72*-44)/((-2)/(-44)). What is the highest common divisor of l and 99?
11
Let h be -2 + ((-6)/(-2) - (-4 + 2)). Suppose 3*d = 3*c - 0*c + 63, h*d = 2*c + 64. What is the highest common factor of d and 2?
2
Let z(l) = l**2 + 7*l - 55. Let t be z(6). What is the highest common divisor of t and 943?
23
Suppose -4*u + 17 = -159. Let m = -157 + 161. What is the highest common divisor of m and u?
4
Suppose 3*c = 4*y - 28, -3*y + 14*c - 15*c = -8. Suppose 5*l = -5*b + 625, -195 = -y*b - 2*l + 305. Calculate the greatest common factor of 50 and b.
25
Let q(j) = j - 4. Let v be q(7). Suppose -6*x - 140 = -4*f - 2*x, v*x + 137 = 4*f. Calculate the highest common factor of f and 16.
16
Let y be ((-55)/15)/((-2)/12). Let q = -52 + 63. What is the greatest common divisor of y and q?
11
Suppose 10*d - 716 = 454. Calculate the highest common factor of 26 and d.
13
Let h = 39 + -36. What is the highest common factor of 6 and h?
3
Let i be 3 + 330/(-114) + 10467/19. Calculate the highest common factor of i and 29.
29
Let m be 3 - (-33)/(-12) - (-18652)/16. What is the highest common factor of 22 and m?
22
Let d(i) = -3*i**2 + 2*i**2 + 7 + 10*i - 29*i. Let g be (-228)/190 - 24/5. Let a be d(g). What is the highest common factor of a and 17?
17
Let g = 53 - -7. Let s be g/14 - 6/21. Let w be 1 - -1*(s + -1). Calculate the highest common factor of 16 and w.
4
Let m = 0 + 3. Let a be 0 - -2 - (-7 - -3). Suppose 3*x + 63 = 4*o, -a*o + 2*x + 62 = -2*o. Calculate the greatest common divisor of m and o.
3
Suppose -k - 5*j - 19 = 0, -4*k - 2*j - 2 = 2. Let c = 6 - k. Suppose 200 = 5*r + 5*v, -v = r - 5*v - 40. What is the greatest common factor of r and c?
5
Let i = 16 + -16. Suppose i = u - 2*u + 2. Suppose u*s - 3*c = 13, s + s + 3*c + 5 = 0. Calculate the greatest common divisor of 16 and s.
2
Let z(n) = -4*n - 2. Let m be z(-1). Let d be -1 - 1/m